{"id":363,"date":"2025-03-18T23:49:54","date_gmt":"2025-03-18T22:49:54","guid":{"rendered":"https:\/\/pate-aux-prunes-bpa.fr\/?page_id=363"},"modified":"2025-03-20T16:11:36","modified_gmt":"2025-03-20T15:11:36","slug":"plaquette-saison-pate","status":"publish","type":"page","link":"https:\/\/pate-aux-prunes-bpa.fr\/index.php\/plaquette-saison-pate\/","title":{"rendered":"Formulaire Plaquette Saison P\u00e2t\u00e9"},"content":{"rendered":"\n<div class=\"container section-title-container\" ><h1 class=\"section-title section-title-center\"><b><\/b><span class=\"section-title-main\" style=\"font-size:140%;color:rgb(149, 168, 44);\"><i class=\"icon-clock\" ><\/i>La saison du p\u00e2t\u00e9 aux prunes s'invite bient\u00f4t !<\/span><b><\/b><\/h1><\/div>\n\n\t<div id=\"text-4244373929\" class=\"text\">\n\t\t\n\n<p style=\"text-align: center;\"><strong>Remplissez les 2 cases<\/strong> de ce formulaire et <strong>t\u00e9l\u00e9chargez notre plaquette<\/strong> de la saison 2025 !<\/p>\n\t\t\n<style>\n#text-4244373929 {\n  font-size: 1.2rem;\n  text-align: center;\n}\n<\/style>\n\t<\/div>\n\t\n<div class=\"row\"  id=\"row-530859747\">\n\n\n\t<div id=\"col-944351872\" class=\"col medium-1 small-12 large-1\"  >\n\t\t\t\t<div class=\"col-inner\"  >\n\t\t\t\n\t\t\t\n\n\n\t\t<\/div>\n\t\t\t\t\t<\/div>\n\n\t\n\n\t<div id=\"col-2119691791\" class=\"col medium-10 small-12 large-10 col-hover-focus\"  >\n\t\t\t\t<div class=\"col-inner text-shadow-2\" style=\"background-color:rgb(242, 225, 205);\" >\n\t\t\t\n\t\t\t\n\n<div class=\"row\"  id=\"row-240014204\">\n\n\n\t<div id=\"col-1999465829\" class=\"col medium-4 small-12 large-4\"  >\n\t\t\t\t<div class=\"col-inner\"  >\n\t\t\t\n\t\t\t\n\n\t<div class=\"img has-hover x md-x lg-x y md-y lg-y\" id=\"image_1427705007\">\n\t\t\t\t\t\t<div data-animate=\"bounceIn\">\t\t<div class=\"img-inner dark\" >\n\t\t\t<img loading=\"lazy\" decoding=\"async\" width=\"806\" height=\"1024\" src=\"https:\/\/pate-aux-prunes-bpa.fr\/wp-content\/uploads\/2025\/03\/Mockup-Plaquette-site-internet-806x1024.png\" class=\"attachment-large size-large\" alt=\"\" srcset=\"https:\/\/pate-aux-prunes-bpa.fr\/wp-content\/uploads\/2025\/03\/Mockup-Plaquette-site-internet-806x1024.png 806w, https:\/\/pate-aux-prunes-bpa.fr\/wp-content\/uploads\/2025\/03\/Mockup-Plaquette-site-internet-236x300.png 236w, https:\/\/pate-aux-prunes-bpa.fr\/wp-content\/uploads\/2025\/03\/Mockup-Plaquette-site-internet-768x976.png 768w, https:\/\/pate-aux-prunes-bpa.fr\/wp-content\/uploads\/2025\/03\/Mockup-Plaquette-site-internet.png 996w\" sizes=\"auto, (max-width: 806px) 100vw, 806px\" \/>\t\t\t\t\t\t\n\t\t\t\t\t<\/div>\n\t\t<\/div>\t\t\t\t\t\t\n<style>\n#image_1427705007 {\n  width: 100%;\n}\n<\/style>\n\t<\/div>\n\t\n\n\n\t\t<\/div>\n\t\t\t\t\t<\/div>\n\n\t\n\n\t<div id=\"col-938645988\" class=\"col medium-8 small-12 large-8\"  >\n\t\t\t\t<div class=\"col-inner\"  >\n\t\t\t\n\t\t\t\n\n\t<div id=\"text-774169008\" class=\"text\">\n\t\t\n\n<div class=\"forminator-ui forminator-custom-form forminator-custom-form-435 forminator-design--flat  forminator_ajax\" data-forminator-render=\"0\" data-form=\"forminator-module-435\" data-uid=\"69f599632191e\"><br\/><\/div><form\n\t\t\t\tid=\"forminator-module-435\"\n\t\t\t\tclass=\"forminator-ui forminator-custom-form forminator-custom-form-435 forminator-design--flat  forminator_ajax\"\n\t\t\t\tmethod=\"post\"\n\t\t\t\tdata-forminator-render=\"0\"\n\t\t\t\tdata-form-id=\"435\"\n\t\t\t\t data-color-option=\"theme\" data-design=\"flat\" data-grid=\"open\" style=\"display: none;\"\n\t\t\t\tdata-uid=\"69f599632191e\"\n\t\t\t><div role=\"alert\" aria-live=\"polite\" class=\"forminator-response-message forminator-error\" aria-hidden=\"true\"><\/div><div class=\"forminator-row\"><div id=\"name-1\" class=\"forminator-field-name forminator-col forminator-col-12 \"><div class=\"forminator-field\"><label for=\"forminator-field-name-1_69f599632191e\" id=\"forminator-field-name-1_69f599632191e-label\" class=\"forminator-label\">Nom de l&#039;enseigne <span class=\"forminator-required\">*<\/span><\/label><input type=\"text\" name=\"name-1\" value=\"\" placeholder=\"\" id=\"forminator-field-name-1_69f599632191e\" class=\"forminator-input forminator-name--field\" aria-required=\"true\" autocomplete=\"name\" \/><\/div><\/div><\/div><div class=\"forminator-row\"><div id=\"name-2\" class=\"forminator-field-name forminator-col forminator-col-12 \"><div class=\"forminator-field\"><label for=\"forminator-field-name-2_69f599632191e\" id=\"forminator-field-name-2_69f599632191e-label\" class=\"forminator-label\">Code postal de l&#039;enseigne <span class=\"forminator-required\">*<\/span><\/label><input type=\"text\" name=\"name-2\" value=\"\" placeholder=\"\" id=\"forminator-field-name-2_69f599632191e\" class=\"forminator-input forminator-name--field\" aria-required=\"true\" autocomplete=\"name\" \/><\/div><\/div><\/div><input type=\"hidden\" name=\"referer_url\" value=\"\" \/><div class=\"forminator-row forminator-row-last\"><div class=\"forminator-col\"><div class=\"forminator-field\"><button class=\"forminator-button forminator-button-submit\">Envoyer les r&eacute;ponses<\/button><\/div><\/div><\/div><input type=\"hidden\" id=\"forminator_nonce\" name=\"forminator_nonce\" value=\"7b95746196\" \/><input type=\"hidden\" name=\"_wp_http_referer\" value=\"\/index.php\/wp-json\/wp\/v2\/pages\/363\" \/><input type=\"hidden\" name=\"form_id\" value=\"435\"><input type=\"hidden\" name=\"page_id\" value=\"363\"><input type=\"hidden\" name=\"form_type\" value=\"default\"><input type=\"hidden\" name=\"current_url\" value=\"https:\/\/pate-aux-prunes-bpa.fr\/index.php\/plaquette-saison-pate\/\"><input type=\"hidden\" name=\"render_id\" value=\"0\"><input type=\"hidden\" name=\"action\" value=\"forminator_submit_form_custom-forms\"><\/form>\n\n\t\t\n<style>\n#text-774169008 {\n  font-size: 1rem;\n  text-align: left;\n}\n<\/style>\n\t<\/div>\n\t\n\n\t\t<\/div>\n\t\t\t\t\t<\/div>\n\n\t\n\n<\/div>\n\n\t\t<\/div>\n\t\t\t\t\n<style>\n#col-2119691791 > .col-inner {\n  padding: 20px 20px 20px 20px;\n  border-radius: 22px;\n}\n<\/style>\n\t<\/div>\n\n\t\n\n\t<div id=\"col-1579901746\" class=\"col medium-1 small-12 large-1\"  >\n\t\t\t\t<div class=\"col-inner\"  >\n\t\t\t\n\t\t\t\n\n\n\t\t<\/div>\n\t\t\t\t\t<\/div>\n\n\t\n\n<\/div>\n\n\n\n<p><\/p>\n","protected":false},"excerpt":{"rendered":"","protected":false},"author":3,"featured_media":0,"parent":0,"menu_order":0,"comment_status":"closed","ping_status":"closed","template":"","meta":{"footnotes":""},"class_list":["post-363","page","type-page","status-publish","hentry"],"_links":{"self":[{"href":"https:\/\/pate-aux-prunes-bpa.fr\/index.php\/wp-json\/wp\/v2\/pages\/363","targetHints":{"allow":["GET"]}}],"collection":[{"href":"https:\/\/pate-aux-prunes-bpa.fr\/index.php\/wp-json\/wp\/v2\/pages"}],"about":[{"href":"https:\/\/pate-aux-prunes-bpa.fr\/index.php\/wp-json\/wp\/v2\/types\/page"}],"author":[{"embeddable":true,"href":"https:\/\/pate-aux-prunes-bpa.fr\/index.php\/wp-json\/wp\/v2\/users\/3"}],"replies":[{"embeddable":true,"href":"https:\/\/pate-aux-prunes-bpa.fr\/index.php\/wp-json\/wp\/v2\/comments?post=363"}],"version-history":[{"count":23,"href":"https:\/\/pate-aux-prunes-bpa.fr\/index.php\/wp-json\/wp\/v2\/pages\/363\/revisions"}],"predecessor-version":[{"id":436,"href":"https:\/\/pate-aux-prunes-bpa.fr\/index.php\/wp-json\/wp\/v2\/pages\/363\/revisions\/436"}],"wp:attachment":[{"href":"https:\/\/pate-aux-prunes-bpa.fr\/index.php\/wp-json\/wp\/v2\/media?parent=363"}],"curies":[{"name":"wp","href":"https:\/\/api.w.org\/{rel}","templated":true}]}}